se a*u = 4*u + 935. What is the units digit of u?
7
Let m be 4/(-2)*(0 + -2). Let w(u) = -338*u + 21*u**2 - 23*u**2 + u**3 + 336*u + 6. What is the tens digit of w(m)?
3
Let r(b) = 7*b**3 - 6*b**2 - b - 17. Let a(d) = 20*d**3 - 17*d**2 - 3*d - 51. Let w(x) = -6*a(x) + 17*r(x). What is the tens digit of w(0)?
1
What is the thousands digit of 16/(-40) - (-15321)/15?
1
Suppose 854 = 3*z - 4*g, z - 575 = -z - 3*g. What is the units digit of z?
6
What is the tens digit of (-250)/(-30)*(-288)/(-6)?
0
Let l be 57/12 + 3/12. Let i = 11 + 32. Suppose -57 = -l*j + i. What is the units digit of j?
0
Let u = 652 + 403. Suppose -5*w - 340 = -u. What is the tens digit of w?
4
Suppose -4*g + 5 = -3*g, -399 = -3*p - 3*g. What is the hundreds digit of p?
1
Let c(f) = -f**3 - 18*f**2 - 18*f - 14. Let k be c(-17). Suppose w + 4*m = 80, 5*w - k*m + 243 = 620. What is the tens digit of w?
7
Let t(j) = 2*j**2 - 7*j + 3. Let m be t(-8). Suppose -5*n - 23 + 344 = 4*v, -v = 3*n - m. Suppose -5*s = 21 - n. What is the units digit of s?
8
Suppose 3*j + 3*d = 0, 0*j + j - 3*d = -20. Let r be 45 + 0 - j/(-5). Suppose -8 + r = 4*z. What is the units digit of z?
9
Suppose 5*k - 157 = 5*d + 1458, 5*k + 5*d = 1565. What is the tens digit of k?
1
Suppose -29 = -5*p - 2*l, -p + l + 13 = 2*p. Suppose 0 = s + 1, 0 = -0*k + p*k + 4*s - 36. What is the units digit of 6/3*108/k?
7
Suppose 4*s = -4*u + 1164, 0 = -s + 2*u - 6*u + 282. Suppose -s = -10*w + 1506. What is the hundreds digit of w?
1
What is the tens digit of 12/2*28/(-16)*-2?
2
Let z be 1/(-4) - 26/(-8). Suppose 0 = 4*i + 12 - 4, -2*i = 4*f + 40. What is the units digit of (z/f)/((-5)/240)?
6
Suppose -2*f + 139 + 543 = p, -5*f = 3*p - 2047. What is the tens digit of p?
8
Let l(x) = 29*x + 7. Let p be l(7). Suppose 2*v - 312 = -5*a, -v + 5*a = 39 - p. What is the hundreds digit of v?
1
Let w(f) = -f**2 + 4*f. Let j be w(3). Suppose p = -4*h + j*p + 40, 5*h - 49 = 3*p. What is the tens digit of (-1 + 2)/(1/h)?
1
Suppose 0 = 5*a - 48 - 212. Suppose 25*z - 26*z = -a. What is the units digit of z?
2
Let k(n) = 8*n + 8*n**2 + 9 - 1 + 2*n**3 - 13*n**3 + 12*n**3. Let x be k(-8). Let b = x - -78. What is the units digit of b?
2
Suppose 4*p - 2432 = -s, -7*p + 9*p + 9638 = 4*s. What is the tens digit of s?
1
Suppose -2*b + b = -4*y + 17, -21 = -2*y + 3*b. Suppose w + y*w - 36 = 0. Suppose 4*k + 145 = w*k. What is the units digit of k?
9
Let a(b) = 0*b - b + 0*b**2 + 3*b**2 + 2 - 2*b. What is the tens digit of a(4)?
3
Let y(n) = 22*n**2 + 3*n - 3. Let d(q) = q**2 + q. Let p(c) = -3*d(c) + y(c). What is the units digit of p(-2)?
3
Suppose 2*g - 14 = -0*g. Let k = 8 - g. Let u = 5 - k. What is the units digit of u?
4
Suppose -19*x + 1320 = u - 17*x, 3*u - 3963 = -3*x. What is the thousands digit of u?
1
Let j be 4/(-3)*(-39)/1. Suppose -53 - 190 = 9*d. Let z = j + d. What is the units digit of z?
5
Let n be (-5)/(13/(-104) - 7/8). Suppose -u + 3*l = -209, 17 = 3*l + n. What is the tens digit of u?
2
Let y(f) be the first derivative of 0*f**2 - 6*f - f**3 + 10 + 1/4*f**4. What is the units digit of y(5)?
4
What is the tens digit of ((-1467)/18)/((1 + 1)/(-8))?
2
Let u = 155 - 81. What is the units digit of u?
4
Let a = -1418 + 2818. What is the tens digit of a?
0
Suppose 2*h + 7 - 15 = 0, -3*h = -4*j. What is the units digit of ((-3)/6)/(j/(-150))?
5
Suppose 0 = 4*c - 20, -3*f + 9*c - 4*c - 19 = 0. Suppose -3*y - 2*y - 372 = -4*l, -f*l - 3*y = -164. What is the units digit of l?
8
Suppose -10*u - 3*q = -14*u + 1908, 0 = 4*u + 4*q - 1936. What is the units digit of u?
0
Let w(n) = -n**2 - 16*n - 14. Let g be w(-10). Suppose -q = -g - 50. What is the units digit of q?
6
Let n(d) = -d**3 + 6*d**2 + 18*d - 15. Let p be n(8). Let u(z) = -16*z**2. Let w(m) = -m**2. Let q(v) = -u(v) + 6*w(v). What is the units digit of q(p)?
0
Let z(l) = 67*l + 4. Let b(c) = 1. Let t(x) = -3*b(x) + z(x). Let q be t(-2). Let g = 191 + q. What is the units digit of g?
8
Let h = 250 - 145. What is the hundreds digit of h?
1
Let f be (-4)/((24/(-52))/3). Suppose 2*d - 24 = f. What is the units digit of d?
5
Let v(i) = -i**2 + 7*i - 5. Let z be v(6). Let n = 3 - z. Let b(o) = o**3 - o**2 + o - 2. What is the units digit of b(n)?
4
Suppose -n = 38*i - 42*i + 2107, 5*i = 4*n + 2620. What is the units digit of i?
8
Suppose -2136 = -3*t + 4*n, 0 = 4*t + 3*n - 491 - 2357. What is the hundreds digit of t?
7
Let z(l) = -7*l + 12. Let x(g) = -14*g + 24. Let u(n) = -3*x(n) + 5*z(n). What is the tens digit of u(6)?
3
Suppose 0 = 20*s + 13*s - 17457. What is the units digit of s?
9
Let f = -907 + 525. Let l be f/(-5) - (-24)/(-60). Let h = l + -32. What is the units digit of h?
4
Let h(l) = -3*l**3 + 2*l**2 - 28*l + 14. What is the hundreds digit of h(-6)?
9
Suppose 3*c - 5*b - 574 = 66, 4*c - 884 = -b. Suppose 20*g - c = 15*g. What is the tens digit of g?
4
Let o(z) = 19*z + 19. Let x = -24 - -29. What is the units digit of o(x)?
4
Suppose -1 = 4*h - 5. Let y be 0*((-9)/6 + h). Suppose y = -s - 2*s - 12, 2*s = -4*a. What is the units digit of a?
2
Suppose 2*n + 4*t + 2 = 3*n, -2*t = 4*n - 8. Suppose -95 = -4*v + 5*u, -n*v - 3*v = 4*u - 170. What is the units digit of v?
0
Suppose 0 = r + 22*j - 27*j - 409, -2*r - 2*j = -878. What is the tens digit of r?
3
Suppose -57*m + 54*m + 9 = 0. Suppose m*z = 9*z - 648. What is the units digit of z?
8
Suppose -47 = 6*n + 7. What is the tens digit of 4 + -291*3/n?
0
What is the units digit of 3396 - (49/63 - 6/(-27))?
5
Suppose 2*v + 2*v + 508 = 0. Let k = 282 + v. Suppose -2*r = 3*r - k. What is the tens digit of r?
3
Suppose -378 = 2*a - 4*r - 1046, -1694 = -5*a - 2*r. What is the units digit of a?
8
Let r(m) = -41*m + 1. Let q be r(-1). Suppose 5*h = -3*t - 23, 5*t + h - 11 + q = 0. Let o(i) = -i**2 - 7*i - 4. What is the units digit of o(t)?
2
Suppose -5*w - 940 = g, 4*g - 2*w + w = -3676. What is the units digit of 6/((-4)/(-3)*(-45)/g)?
2
Suppose -5*k + 6 = -2*k. Suppose 6 = -k*o - 2. Let i = o - -18. What is the tens digit of i?
1
Let t(g) = 5*g + 1. Let l(w) = 11*w + 1. Let x(q) = -4*l(q) + 9*t(q). Let z be x(-6). What is the units digit of 2/(-5)*(z + -79)?
2
Suppose 10*u - 682 - 278 = 0. What is the tens digit of u?
9
Let w(q) be the second derivative of -7*q**3/6 + q**2/2 - 10*q. What is the tens digit of w(-10)?
7
Let y = 2185 + -277. What is the thousands digit of y?
1
Let x be ((-14)/4)/(1/4). Let m = 410 - 408. Let f = m - x. What is the tens digit of f?
1
Suppose 7*n - 2148 = 1135. Suppose 4*d - 155 = n. What is the tens digit of d?
5
Let y(f) = -6*f. Let w be y(-3). Suppose -3*g - 6 = 3*r, 18 = 3*g - 5*r + 2*r. What is the tens digit of 456/w + g/(-6)?
2
Suppose 3*k = b + 4, -2*k + 6*k - 4*b = 0. Suppose -k - 94 = 4*f. What is the tens digit of 52/2 + f/12?
2
Suppose 0 = -a - v - 1, 0*v = -2*a + 2*v + 10. Let z = a + -35. Let p = -20 - z. What is the units digit of p?
3
Suppose -5*j + 1443 = -1712. What is the units digit of j?
1
Let h(y) = -y**3 - 12*y**2 + 4. Let t be h(-12). Suppose -318 + 90 = -t*l. What is the tens digit of l?
5
Suppose -13*u + u - 240 = 0. Let l(s) = s**2 + 11*s - 29. What is the units digit of l(u)?
1
Suppose 0 = 2*x + 127 + 103. Let w = x - -172. What is the units digit of w?
7
What is the units digit of ((-360)/10)/6 + 213?
7
Let t(z) = z**2 - 2. Let f be t(2). Suppose f*h = -3*h - 4*v - 40, -4*h - 6 = -2*v. What is the units digit of 6 + (0 - 4/h)?
7
Let j(m) = m**3 + m**2 + 13*m + 717. What is the tens digit of j(0)?
1
Let b(f) = -3833*f - 29. What is the units digit of b(-1)?
4
Suppose 0 = -5*s + 5*x + 6705, 9*s - 4*s - 3*x - 6695 = 0. What is the units digit of s?
6
What is the units digit of 4 + (8/10 - (-8019)/45)?
3
Let y(p) = 21*p - 1. Let u(c) = -c - 17. Let f be u(-22). What is the hundreds digit of y(f)?
1
Let c = -10 - -12. Let r = 5 - c. Suppose 2*h - 3*q - 34 = 0, 0 = r*h - 5*q + q - 51. What is the tens digit of h?
1
Let l(n) = n + 4. Let j be -4 + 6/1 - 10. Let m be l(j). What is the units digit of (m - -106)*(-1)/(-3)?
4
Let o(h) = -h**3 - 2*h**2 + 6*h + 4. Let c be o(-4). Suppose -4*d + c*d - 72 = 0. What is the units digit of d?
9
Let i = -103 + 106. Suppose -4*j + 5*w - 64 = -407, -i*w + 107 = j. What is the tens digit of j?
9
Suppose 5*b + 7 = 27. Suppose -b*v + 11 = 